{"id":746,"date":"2024-02-14T10:50:34","date_gmt":"2024-02-14T09:50:34","guid":{"rendered":"https:\/\/gearhead-factory.ch\/?post_type=tribe_events&#038;p=746"},"modified":"2024-02-14T11:57:47","modified_gmt":"2024-02-14T10:57:47","slug":"garasch-fasnacht","status":"publish","type":"tribe_events","link":"https:\/\/gearhead-factory.ch\/index.php\/event\/garasch-fasnacht\/","title":{"rendered":"Garasch Fasnacht"},"content":{"rendered":"<ul>\n<li>Baukis Konzert ab 20:00 Uhr.<\/li>\n<li>K\u00e4seschnitten und diverse Getr\u00e4nke.<\/li>\n<li>Wer in Verkleidung kommt, bekommt einen Gutschein \u00fcber 5 CHF.<\/li>\n<\/ul>\n","protected":false},"excerpt":{"rendered":"<p>Baukis Konzert ab 20:00 Uhr. K\u00e4seschnitten und diverse Getr\u00e4nke. Wer in Verkleidung kommt, bekommt einen Gutschein \u00fcber 5 CHF.<\/p>\n","protected":false},"author":1,"featured_media":747,"template":"","meta":{"_tribe_events_status":"","_tribe_events_status_reason":"","footnotes":""},"tags":[36],"tribe_events_cat":[35],"class_list":["post-746","tribe_events","type-tribe_events","status-publish","has-post-thumbnail","hentry","tag-fasnacht","tribe_events_cat-fasnacht","cat_fasnacht","even"],"_links":{"self":[{"href":"https:\/\/gearhead-factory.ch\/index.php\/wp-json\/wp\/v2\/tribe_events\/746","targetHints":{"allow":["GET"]}}],"collection":[{"href":"https:\/\/gearhead-factory.ch\/index.php\/wp-json\/wp\/v2\/tribe_events"}],"about":[{"href":"https:\/\/gearhead-factory.ch\/index.php\/wp-json\/wp\/v2\/types\/tribe_events"}],"author":[{"embeddable":true,"href":"https:\/\/gearhead-factory.ch\/index.php\/wp-json\/wp\/v2\/users\/1"}],"version-history":[{"count":6,"href":"https:\/\/gearhead-factory.ch\/index.php\/wp-json\/wp\/v2\/tribe_events\/746\/revisions"}],"predecessor-version":[{"id":754,"href":"https:\/\/gearhead-factory.ch\/index.php\/wp-json\/wp\/v2\/tribe_events\/746\/revisions\/754"}],"wp:featuredmedia":[{"embeddable":true,"href":"https:\/\/gearhead-factory.ch\/index.php\/wp-json\/wp\/v2\/media\/747"}],"wp:attachment":[{"href":"https:\/\/gearhead-factory.ch\/index.php\/wp-json\/wp\/v2\/media?parent=746"}],"wp:term":[{"taxonomy":"post_tag","embeddable":true,"href":"https:\/\/gearhead-factory.ch\/index.php\/wp-json\/wp\/v2\/tags?post=746"},{"taxonomy":"tribe_events_cat","embeddable":true,"href":"https:\/\/gearhead-factory.ch\/index.php\/wp-json\/wp\/v2\/tribe_events_cat?post=746"}],"curies":[{"name":"wp","href":"https:\/\/api.w.org\/{rel}","templated":true}]}}

<ul>
<li>Baukis Konzert ab 20:00 Uhr.</li>
<li>Käseschnitten und diverse Getränke.</li>
<li>Wer in Verkleidung kommt, bekommt einen Gutschein über 5 CHF.</li>
</ul>

<p>Baukis Konzert ab 20:00 Uhr. Käseschnitten und diverse Getränke. Wer in Verkleidung kommt, bekommt einen Gutschein über 5 CHF.</p>
